?
29
Let q(j) = -6*j**2 - 654*j + 297. What is the remainder when q(-109) is divided by 104?
89
Let l be ((-96)/72)/((-4)/3 + 1). Suppose -l*a + 2 + 14 = 0, v - 138 = a. What is the remainder when v is divided by 29?
26
Let k(a) = a**2 - 4*a + 1. Let t be k(3). Calculate the remainder when t + (-4 - ((-4 - -8) + -53)) is divided by 11.
10
Let y(i) = -i**3 + 5*i**2 + 3*i - 18. Let v be y(3). Suppose v*d + 674 = 3293. Calculate the remainder when d is divided by 59.
55
Let r = 2857 + -2847. Let w(i) = i**2 + i - 7. Let h be w(0). Let d = 9 - h. What is the remainder when d is divided by r?
6
Let q = -138 - -260. Suppose 0 = z + 4, z + q = 5*o - 2*z. Let y(p) = 2*p**3 - 25*p**2 + 77*p + 6. Calculate the remainder when y(4) is divided by o.
20
Suppose 35*s - 128 = 12. What is the remainder when 1327 is divided by s?
3
Suppose 2*r = 19*m - 17*m - 164, 4*r = -4*m + 256. Calculate the remainder when ((-2)/(-4))/((-1)/(-434)) is divided by m.
71
Let x = 3196 + -2933. What is the remainder when x is divided by 53?
51
Let w = 6 - -4. Let q = -57 + 70. Calculate the remainder when 8526/182 + ((-6)/q)/(-3) is divided by w.
7
Let s(k) = -21*k - 281. Let b be s(-36). Let w be 2 + 1/(-3)*0. Suppose 0*y = -5*l + 5*y + b, -3*y = w*l - 210. What is the remainder when l is divided by 20?
19
What is the remainder when (-26498)/(-24) - (9 - (-10)/((-600)/535)) is divided by 79?
77
Suppose -36*h + 899 = 33*h - 2965. Calculate the remainder when 528 is divided by h.
24
Let c(a) = -2*a**2 - 4*a**3 + 16 - 10 + 4*a - a + 3*a**3. Calculate the remainder when 26 is divided by c(-3).
2
Let h(c) = -76*c + 18. Let r be h(-3). Let j = -219 + r. Calculate the remainder when 403 is divided by j.
25
Suppose -t + 21 = 4*a - 1, a - 4*t - 14 = 0. Suppose -a*v + 89 = -55. Suppose 2*s - v = -5*y, 2*s + y = 15 + 17. Calculate the remainder when s is divided by 9.
8
What is the remainder when (8/(-5))/(9 + (-103520)/11500) is divided by 116?
108
Let c(k) = -376*k - 430. Let o(x) = -75*x - 86. Let y(u) = -2*c(u) + 11*o(u). What is the remainder when y(-3) is divided by 9?
7
Let h = 559 + -564. What is the remainder when 461 is divided by -2*(4/10 + 167/h)?
65
What is the remainder when 477 is divided by -4 - -46 - (-10 - -3 - -1)?
45
What is the remainder when 294 is divided by -5*8590/(-325) + 22/(-143)?
30
Let m(k) = k**3 - 68*k**2 - 284*k - 95. What is the remainder when m(72) is divided by 75?
43
Suppose -241*z + 591 = -12182. What is the remainder when 103 is divided by z?
50
Let z(l) = -l**3 + 7*l**2 - l - 19. Let s be z(5). Let j be 0/((-3)/3*1). Suppose 2*c + 0 - s = j. What is the remainder when 36 is divided by c?
10
Suppose -42 = -7*s + 70. Suppose -14*a = -s*a + 248. Calculate the remainder when a is divided by 14.
12
Let k be (-978)/(-24) + (-15)/20. Calculate the remainder when 119 is divided by (-3 - k)*1/(3 - 4).
33
Let a = 1 - -15. Let i(l) = 2*l**2 + 35*l + 126. Let p be i(-12). What is the remainder when (7 - (-7 - p)) + 69 is divided by a?
13
Let o = 15412 + -12495. Calculate the remainder when o is divided by 1457.
3
Suppose 1838 = -8*b + 5086. Let a = -237 + b. Calculate the remainder when a is divided by 57.
55
Let h(x) = -3*x**3 - 13*x**2 - 14*x + 1. Let l(i) = 5*i**3 + 20*i**2 + 21*i - 2. Let z(y) = 8*h(y) + 5*l(y). Calculate the remainder when 63 is divided by z(6).
7
Let s(p) = p**3 - 12*p**2 + 13*p - 10. Suppose -4*g + 0*g = -68. Suppose -4*h + n + g = -63, h = -3*n + 7. Calculate the remainder when h is divided by s(11).
7
Let r = -547 + 771. Let o = 6263 + -6206. What is the remainder when r is divided by o?
53
Let s = 1653 + -1566. Calculate the remainder when s is divided by 69.
18
Calculate the remainder when 4133 is divided by (-30 - -35) + (16 - 4).
2
Let w(h) = 417*h - 6816. Calculate the remainder when 819 is divided by w(17).
0
Let r = 12688 + -12576. Calculate the remainder when r is divided by 107.
5
Suppose -32*p + 646 = -1626. What is the remainder when 186 is divided by p?
44
Let f = -133 + 137. Suppose 4*k - 84 = -f*y, -11 = -y + 5*k - 2. Calculate the remainder when 74 is divided by y.
17
Suppose f - 1216 = -7*f. Let u = -117 + f. What is the remainder when 169 is divided by u?
29
Suppose 3*g - 150 = -18. Calculate the remainder when g is divided by 2/(-3) + (-1026)/(-81).
8
Suppose -5*q - w = 3*w - 10, 0 = 3*w. Suppose -135 = -3*x - q*x. Suppose 5*d - d - x = 5*t, 5*d + 5*t = 0. What is the remainder when 8 is divided by d?
2
Suppose 158 + 16 = -3*a. Let g = a - -100. Let q = g - 32. Calculate the remainder when 14 is divided by q.
4
Suppose -l - 1 = -24. Let n be (l/46)/((-2)/(-4)). What is the remainder when 35/((-12)/(-8) - n) is divided by 6?
4
Suppose -2*t + 13 = 1, -5*p + t = -31104. Calculate the remainder when p is divided by 249.
246
Let a(m) = -m**2 + 10*m - 14. Calculate the remainder when 3*(6 + 20/(-6)) - -20 is divided by a(6).
8
Let d(g) = 5*g**2 - 4. What is the remainder when 3647 is divided by d(2)?
15
Let p be 0 - 1 - 2 - -27. Let s = p - 2. Let l = -275 - -360. What is the remainder when l is divided by s?
19
Suppose -482*m - 4*p = -480*m - 100, -24 = -4*p. Suppose 353 - 88 = 2*w + 3*j, w - 5*j = 126. What is the remainder when (-6)/(-4)*(-5 + w) is divided by m?
37
Let t = -36 - -51. Let l be 6 - 2/(-3 - 21/(-6)). Suppose -3*q - k = -125, 2*k - 24 = -l*q + 54. Calculate the remainder when q is divided by t.
13
Suppose 0 = 3*t - 288 + 210. Let c = t + -9. Calculate the remainder when 116 is divided by c.
14
Let s = -397 - -695. Suppose z - 30 - 12 = -2*a, -z - 3*a + 38 = 0. Calculate the remainder when s is divided by z.
48
Let u(w) = w**3 + 75*w**2 + 152*w + 579. Calculate the remainder when 563 is divided by u(-73).
140
What is the remainder when 4638 is divided by (-1)/(-8) - ((-358)/(-48))/(53/(-10971))?
6
Let j(a) = -a**3 + 66*a**2 - 60*a - 553. Calculate the remainder when j(64) is divided by 21.
19
Let a be (-10)/8 + 2 + (-5567)/(-76). Let j = a + -68. Let p = 18 - j. Calculate the remainder when 24 is divided by p.
0
Suppose 3*d - 15 = -v, -2*v + 3*d + 2 - 8 = 0. Suppose 5*i + 4*p = 220, -2*i + p + 88 = v*p. What is the remainder when 170 is divided by i?
38
Let y = -292 + 372. What is the remainder when 55 is divided by (y/15 + -4)*(-42)/(-8)?
6
Suppose 2*d + 2*d = 3*q - 56, -92 = -4*q + d. Calculate the remainder when 2467 is divided by q.
19
Let b be ((-11)/(-2) + -3)*11154/65. Suppose -156 - b = -13*m. What is the remainder when 45 is divided by m?
0
Let l(x) = -x**3 - x**2. Let b be l(-2). Let q = -4094 - -4097. Suppose -q*g + a + 2 = 0, -8 = -b*a + 8. What is the remainder when 24 is divided by g?
0
Let b(a) = 2*a**3 + 10*a**2 + 6*a - 1. What is the remainder when 1020 is divided by b(4)?
87
Suppose -5*k - 25 = -50. Calculate the remainder when ((-3)/(-5))/((-17)/(-510)) is divided by k.
3
Let f(h) = h**3 - 7*h**2 + 18*h - 14. Let z be f(7). Let d = z + -101. Calculate the remainder when 93 is divided by d.
5
Let i(b) = 51*b - 2604. Calculate the remainder when 1838 is divided by i(69).
8
Suppose 0 = -3*g - 4*o + 39, -3*g + 2*o = 9 - 30. Let j = -25 + 27. Suppose 2*q = -4*a + 19 + 73, j*a - q = 38. What is the remainder when a is divided by g?
3
Let i(o) = o**2 - 3*o + 2. Let k be i(-5). Suppose -t + 3*t = k. Let a(v) = v**3 + 9*v**2 + v + 11. Calculate the remainder when t is divided by a(-9).
1
Suppose -90*w = -281 - 979. Calculate the remainder when 228 is divided by w.
4
Suppose -249*h + 246*h - 25 = -5*z, 4*z = h + 27. Calculate the remainder when 211 is divided by z.
3
Let k be (4/14)/((-13)/(-182)). Suppose -k*t - 460 = -9*t. What is the remainder when t is divided by 13?
1
Let u(a) = -26*a + 154. Let v be u(5). What is the remainder when 54*(-75)/(-12)*v/60 is divided by 40?
15
Suppose -115*y + 3580 + 448 = -62*y. What is the remainder when 518 is divided by y?
62
Suppose 4*n + 17556 = 80*n. What is the remainder when 235 is divided by n?
4
Suppose 65*a + 36*a = -46*a + 8820. Calculate the remainder when a is divided by 34.
26
Calculate the remainder when ((-1112)/32 - -19)*24/(-18) is divided by (4/(-6))/((-6)/99).
10
Let m = -14800 - -14887. Calculate the remainder when 1835 is divided by m.
8
Let o = 8549 - 8539. Calculate the remainder when ((-5)/(-15))/((-1)/(-57)) is divided by o.
9
Suppo